3 - 23) + (-27 - 5)
-22
Evaluate -29 + 14 - (-15 + 1).
-1
(-19 - (-18 + 26 + -3)) + (-7 - -2)
-29
What is the value of -2244 - -2235 - (0 - -1)?
-10
(-2 - 2) + 9 + (-30 - -20)
-5
Calculate (12 - (-13 + -3)) + -29.
-1
Evaluate 29 - 60 - (-14 + -2).
-15
-1 - (-24 + (3 - -38))
-18
What is the value of 11 + -4 - (-4 + (6 - -11) + -6)?
0
(3 - (11 + (6 - 23))) + 3
12
What is (17 + -8 - -8) + 9?
26
0 + 8 - (7 + (-4 - (-2 - -14)))
17
(-152 + 145 - (1 + -5)) + (17 - 0)
14
Calculate 2 - ((-9 - -22) + -27).
16
1 - -2 - 2 - (-19 + (28 - 9))
1
What is 46 + -21 + (-9 - 1 - -1)?
16
-9 - ((-14 - 5 - -9) + 8)
-7
What is 22 + (13 - 6) + -7 - (7 + 0)?
15
What is 14 + (-14 - -15 - 19)?
-4
Calculate -27 + (21 - -40) - 27 - (-25 + 1).
31
Calculate -36 - (-28 + -14) - (-17 + -4).
27
Calculate 45 - (-34 + 67) - 20.
-8
What is -1 + 3 - (2 + 2) - 2?
-4
What is the value of 11 + (-1 - -1) - (-104 + 55 + 49)?
11
What is -2 + -50 + (-608 - -630)?
-30
What is (-130 - -122) + 1 + 8?
1
What is (-13 - -1) + 13 + 4 + 3?
8
What is -3 + -3 + (19 - (3 - -2))?
8
Evaluate 15 + -1 + (3 - (-10 - -4)).
23
Calculate -12 - (-15 - (-5 - -12)).
10
What is (-23 + 24 + 1 + 6 - -1) + 2?
11
Evaluate (3 + -12 - -3) + (8 - -2).
4
What is -526 + 517 + -13 + 4 + -4?
-22
-63 + 56 - (-4 + -10)
7
Calculate 22 + (29 - -1) + -36.
16
What is the value of 39 - (114 - (9 - -31))?
-35
Evaluate (1 - 21 - (0 - 0)) + -54 + 59.
-15
What is 2 + (-3 - 2) + -119 + 122?
0
What is -20 - (1 - 14) - -18?
11
Calculate (15 - (-5 - -6)) + 5 + -10.
9
Calculate 33 - 43 - (-7 - 1) - 3.
-5
What is -14 - 36 - -20 - -33?
3
What is the value of 0 - (5 + (-8 + 6 - -6 - 2))?
-7
Calculate -15 + 18 + -3 + -4.
-4
What is the value of 28 + -32 + 31 + 1 + -6?
22
What is -1 + 15 + (-21 + 4 - (-74 + 64))?
7
Calculate 0 + 7 + (-22 - (-1 + -13)).
-1
Calculate 9 + (5 - 12) - -5.
7
Calculate (1 - 8) + -7 - (-24 + 30).
-20
Calculate 12 + -3 + -4 + -9.
-4
-32 + 57 - (5 + 6)
14
What is 6 + -5 + 13 + -8 + -5?
1
2 + -1 + (13 - (-31 + 36))
9
Calculate -4 + -6 + (15 - (10 + -5 - -1)).
-1
Evaluate -6 - 5 - (1 - (5 - 2)).
-9
Evaluate 11 + (7 - 18) + 5 + -8.
-3
Calculate -1 + -5 + (-13 - -27 - -2).
10
What is the value of 16 + (10 + (-11 - -7) - 0)?
22
Calculate (-20 - (12 - 24)) + 14.
6
What is the value of (1 - 2) + (8 - (-14 - -25) - 15)?
-19
Evaluate 4 + -4 + 3 + 17 + -26.
-6
What is the value of 0 - (-7 - -2) - (-3 + (8 - 10))?
10
What is the value of -22 - (-19 + -21) - 9?
9
What is the value of (45 - (43 - 6)) + (23 - (0 + -2))?
33
What is the value of 7 + (0 + 9 - -11) + -13?
14
What is (3 - (-16 + 18 + -18 + 9)) + 9?
19
Evaluate (-4 - ((-2 - -8) + -8)) + 8.
6
10 - (17 + (9 - 18)) - (1 - 4)
5
Evaluate (-4 + 13 + -1 - 2) + -11 + 12.
7
7 - (1 - 1) - (-22 + 1 - -17)
11
What is the value of 21 + (21 - 13) + -28?
1
What is -13 + 9 + 2 + -1 + 13?
10
What is the value of (-10 + -8 - -24) + (-1 - -6)?
11
Calculate -2 - 1 - -30 - (57 - 39).
9
Evaluate 5 - 28 - -25 - (0 - (0 - -5)).
7
-4 + -2 + 0 - (-3 + -9)
6
Calculate -2 + -11 + 19 + -2.
4
What is 0 + 0 + (-13 - 2) + 31 + -19?
-3
11 + -1 + 13 + -8
15
Evaluate -21 + -38 + 30 - (1 - 10).
-20
-9 - ((-19 - -12) + -11) - -9
18
What is the value of -11 - (7 + -1 + (-1 - 0) - 7)?
-9
Calculate 53 - 2 - (-99 + 122).
28
What is the value of 7 + -8 + -13 - (2 + -6)?
-10
4 + -6 + (6 + -9 - -4)
-1
Calculate (-20 + 9 + 25 - 16) + -17.
-19
Evaluate -16 + 5 + -2 + -4 + -1 + -1.
-19
What is 8 - (3 - -9) - 10 - 8?
-22
Calculate -1 + -1 + -30 + 17 - 9.
-24
9 + (-29 - (-14 - (-17 + 15)))
-8
Evaluate (-9 - -2) + 130 + -113.
10
Evaluate (1 + 8 - 0) + 0.
9
Calculate -9 + 6 + 2 + 3 + -4.
-2
25 + -4 + (5 - 16) - 8
2
Evaluate (-6 - -13) + -13 - (1 - 2).
-5
Evaluate 22 + -3 + (-25 - -18).
12
15 + 2 + -12 + 10
15
What is 31 + -9 + -6 + -24 - (1 - 10)?
1
What is the value of (7 - 2) + -20 + 7 + (1 - 1)?
-8
Evaluate (628 - 657) + -1 + 24.
-6
-10 - (-6 + (-7 + 13 + -2 - 2))
-6
What is 5 + -4 + (16 + -10 - -12)?
19
Evaluate 4 - (-7 - (-5 + (4 - 4) + 2)).
8
Evaluate 7 + 1 + 6 + -6 + -12.
-4
(18 - 37) + 20 + 9
10
Evaluate (28 - -21) + -47 - (0 + -11).
13
Evaluate (-5 - (8 + -9)) + 7 - -2.
5
Calculate -14 + -13 + 33 + -9 + -1.
-4
What is 6 + (-4 - 3) + -1 - (0 + -4)?
2
What is the value of (69 - 76) + 6 + 24?
23
What is 18 - (39 - (26 + -22))?
-17
What is (-1 - 3) + 26 + -11?
11
What is 19 + -25 - ((2 - 2) + -19 + 2)?
11
What is the value of -18 + (4 - 7) + 19?
-2
What is -20 - ((3 + 1 - 2) + (89 - 82))?
-29
20 - -12 - (33 + -17)
16
What is (-8 - 21) + 26 + -11?
-14
Evaluate (7 - (6 - -7) - -4) + 0 - -5.
3
What is the value of -9 + (8 - (24 - (12 + -3)))?
-16
Calculate 8 - ((39 - 52) + (12 - -1)).
8
Calculate (-46 + 68 - 29) + (-2 - (14 + 2)).
-25
What is -9 - (-22 - -8) - 5?
0
What is (13 - (2 + 1 + 4 + -2)) + 7?
15
What is -7 - -12 - (-19 - (-12 + -9))?
3
What is the value of 1 - (5 + 0) - 0 - 4 - -4?
-4
Calculate (3 - 13) + 21 - 32.
-21
What is 2 - (-3 + 13 + -14) - -9?
15
Calculate -2 + 11 + (-3 - -7 - -3).
16
Calculate (-10 - 2) + (25 - -6 - 23).
-4
What is the value of 1 + 6 + (1 - (1 - -1)) - 5?
1
What is the value of (89 - 80) + 1 + -8 + 2?
4
0 + 13 - (0 - (-19 + 15))
9
Calculate -1 + (0 - 1) - (-24 - -30).
-8
What is 42 - 25 - 39 - -31?
9
What is 7 + (-3 - 0) + -52 + 48?
0
Calculate 31 + -26 + 9 + -10.
4
What is -7 + -2 + -78 + 85?
-2
189 - 203 - (-1 + 2)
-15
Evaluate -8 + -6 + 12 + -26 + (-5 - 6).
-39
What is -5 - (39 + -58) - (-12 - 2)?
28
What is the value of (2 - -1) + (-3 - -11)?
11
Evaluate -15 + 8 + (8 - 16) + 2.
-13
What is 7 - (-5 - (6 - (12 + -7)))?
13
Evaluate -13 - (-24 + (-3 - -13)).
1
Evaluate 2 + -30 + 9 + -1.
-20
Calculate -8 - 5 - (-48 + 7 - -14).
14
Calculate (95 - 51) + -33 - ((-1 - -2) + -15).
25
What is the value of 0 - (27 - 23 - 10)?
6
Calculate (-10 - (-51 + -4 + 4)) + -19.
22
Calculate 1 + (-15 - -18) - (1 - -21) - -6.
-12
What is the value of (3 - (11 - 2)) + (8 - -6)?
8
Evaluate -122 + 140 + (-13 - 1).
4
9 - (17 + -9 - 13)
14
39 + (-18 - 14) - (-4 - 1)
12
Calculate 17 + -18 - (-3 + 7).
-5
What is (18 - (45 + -28)) + 1 + -7 + 0?
-5
What is the value of -13 + (185 + -182 - (4 - 1))?
-13
Evaluate -20 + -37 + 70 + 10.
23
Calculate 741 + -752 - (-1 - (0 - 2)).
-12
0 - (-4 + 30 + -5 + 10 + -7)
-24
-8 + -33 + 6 + 9
-26
Evaluate (7 - 0) + 866 + -881.
-8
Evaluate 10 + (-5 - (-14 + 43)).
-24
Evaluate (14 - 8 - 9 - 6) + (-18 - -1).
-26
Evaluate (-51 - -13) + 52 + (-1 - 15).
-2
What is the value of 3 + -20 - -11 - (4 - -1)?
-11
Evaluate -20 + 1 + 3 + 12.
-4
What is 7 + 19 + (-3 - 10 - -3)?
16
Evaluate 4 - (10 - (-6 + (11 - 8))) - -23.
14
Evaluate 25 + -3 - (73 - 41).
-10
What is -59 + 46 - (5 + -13)?
-5
Calculate -588 - -581 - (7 - (3 + -2)).
-13
2 + 2 + (-5 - -5) + 4
8
-5 + 14 - (-12 - 5 - -33)
-7
What is -47 - (-13 - 10) - -10?
-14
Calculate 9 - (-5 - (4 - 15)) - -13.
16
What is the value of (6 - 15 - -3 - (3 - 23)) + 4?
18
Calculate -23 + 26 - (3 - (3 - 7 - -1)).
-3
-20 - (6 - (16 + -13 + 10))
-13
Calculate -3 + (-31 - (29 + -35)).
-28
What is the value of 7 - (23 - (-4 + -3)) - (1 - 7)?
-17
Evaluate (-3 - -16) + (1 - 1) + -37 + 34.
10
What is the value of -93 + 89 - (-2 - -16)?
-18
Calculate (-11 - 8) + 7 - 9.
-21
(0 - 0) + -3 + 3 + -5 + 6
1
Evaluate 1 + -3 + (5 - (11 - (-5 + 8))).
-5
-8 + -46 + 55 + -8 + 0
-7
What is the value of 19 - (2 - (-11 - -10))?
16
Calculate 20 + (-25 - 5) - (-5 + (23 - -2)).
-30
What is the value of 15 + (-8 - -16) - (-3 - -12)?
14
Evaluate -1084 - -1102 - (2 + (5 - -1)).
10
What is the value of 9 + -3 + (-45 - -33)?
-6
What is the value of (45 - 11) + -26 + (-13 - -1)?
-4
What is 28 + (15 + -22 - 3)?
18
What is the value of (10 - 29) + 16 + (13 - 1)?
9
What is 5 - 0 - (47 + -19 + -23)?
0
What is the value of -11 + (-16 - -13) + (6 - (-4 + 20))?
-24
Evaluate 21 + 9 - ((-4 - -10) + 5).
19
269 + -274 - (-1 - 16)
12
What is (8 - (4 - 8)) + -6 - 6?
0
Evaluate -33 - (-9 + 2 + -2 - (59 + -62)).
-27
What is (-10 - (8 + -11 - 9)) + -1 + 6?
7
12 + (-4 - (-12 + 23 + -17))
14
Evaluate (-25 - -7) + 6 - (0 + 2 + 1).
-15
Evaluate -7 + -8 + 7 + -4.
-12
Evaluate -259 - -262 - (1 - 5).
7
What is the value of 2 + -8 + (5 + -24 - -47)?
22
Calculate 2 + -1 + 1 + 20 + -5 + 3.
20
What is (-2 + 0 - (-11 - -8)) + -1 + 2?
2
What is the value of ((0 - -6) + (42 - 45) - 7) + -9?
-13
What is (31 - 12)